he prime factors of 13712.
2, 857
List the prime factors of 848.
2, 53
What are the prime factors of 38819?
11, 3529
List the prime factors of 219.
3, 73
What are the prime factors of 1632?
2, 3, 17
What are the prime factors of 2908?
2, 727
What are the prime factors of 1342?
2, 11, 61
List the prime factors of 663.
3, 13, 17
List the prime factors of 340.
2, 5, 17
List the prime factors of 5807.
5807
What are the prime factors of 231?
3, 7, 11
List the prime factors of 637.
7, 13
List the prime factors of 10760.
2, 5, 269
What are the prime factors of 31285?
5, 6257
List the prime factors of 77164.
2, 101, 191
List the prime factors of 192407.
192407
List the prime factors of 28803.
3, 9601
List the prime factors of 166362.
2, 3, 7, 17, 233
What are the prime factors of 1046?
2, 523
List the prime factors of 58321.
58321
List the prime factors of 25294.
2, 12647
What are the prime factors of 2978?
2, 1489
What are the prime factors of 26416?
2, 13, 127
What are the prime factors of 9171?
3, 1019
List the prime factors of 6249.
3, 2083
List the prime factors of 20183.
20183
What are the prime factors of 403?
13, 31
List the prime factors of 19859.
7, 2837
What are the prime factors of 457?
457
What are the prime factors of 10474?
2, 5237
What are the prime factors of 567?
3, 7
What are the prime factors of 101019?
3, 151, 223
List the prime factors of 21181.
59, 359
What are the prime factors of 1953?
3, 7, 31
List the prime factors of 6164.
2, 23, 67
List the prime factors of 98334.
2, 3, 607
List the prime factors of 3137.
3137
List the prime factors of 18155.
5, 3631
List the prime factors of 440.
2, 5, 11
List the prime factors of 16881.
3, 17, 331
What are the prime factors of 1739?
37, 47
List the prime factors of 812.
2, 7, 29
List the prime factors of 170418.
2, 3, 28403
List the prime factors of 120380.
2, 5, 13, 463
List the prime factors of 574.
2, 7, 41
What are the prime factors of 19428?
2, 3, 1619
List the prime factors of 127473.
3, 42491
What are the prime factors of 1647?
3, 61
What are the prime factors of 637?
7, 13
What are the prime factors of 92249?
29, 3181
What are the prime factors of 122068?
2, 30517
List the prime factors of 14416.
2, 17, 53
What are the prime factors of 63537?
3, 21179
What are the prime factors of 8903?
29, 307
What are the prime factors of 11742?
2, 3, 19, 103
What are the prime factors of 1503?
3, 167
What are the prime factors of 914?
2, 457
List the prime factors of 17441.
107, 163
List the prime factors of 39694.
2, 89, 223
What are the prime factors of 101334?
2, 3, 16889
List the prime factors of 2771.
17, 163
List the prime factors of 47866.
2, 7, 13, 263
List the prime factors of 1642.
2, 821
What are the prime factors of 112?
2, 7
List the prime factors of 19502.
2, 7, 199
What are the prime factors of 1622?
2, 811
What are the prime factors of 177993?
3, 19777
What are the prime factors of 15621?
3, 41, 127
List the prime factors of 51898.
2, 7, 11, 337
List the prime factors of 18060.
2, 3, 5, 7, 43
List the prime factors of 7051.
11, 641
List the prime factors of 54437.
54437
List the prime factors of 16293.
3, 5431
List the prime factors of 23180.
2, 5, 19, 61
What are the prime factors of 558?
2, 3, 31
List the prime factors of 2843.
2843
What are the prime factors of 18854?
2, 11, 857
What are the prime factors of 149142?
2, 3, 7, 53, 67
What are the prime factors of 248?
2, 31
List the prime factors of 166.
2, 83
List the prime factors of 2318.
2, 19, 61
List the prime factors of 214.
2, 107
What are the prime factors of 6490?
2, 5, 11, 59
List the prime factors of 4791.
3, 1597
What are the prime factors of 7084?
2, 7, 11, 23
List the prime factors of 12018.
2, 3, 2003
List the prime factors of 3203.
3203
List the prime factors of 18839.
18839
List the prime factors of 42745.
5, 83, 103
List the prime factors of 25231.
23, 1097
List the prime factors of 71519.
7, 17, 601
What are the prime factors of 9581?
11, 13, 67
What are the prime factors of 2657?
2657
What are the prime factors of 11993?
67, 179
List the prime factors of 187900.
2, 5, 1879
What are the prime factors of 10296?
2, 3, 11, 13
What are the prime factors of 3622?
2, 1811
List the prime factors of 41257.
41257
What are the prime factors of 44919?
3, 7, 23, 31
List the prime factors of 68.
2, 17
What are the prime factors of 1880?
2, 5, 47
What are the prime factors of 1275?
3, 5, 17
List the prime factors of 322.
2, 7, 23
What are the prime factors of 854?
2, 7, 61
List the prime factors of 18698.
2, 9349
List the prime factors of 211.
211
List the prime factors of 34050.
2, 3, 5, 227
List the prime factors of 26188.
2, 6547
What are the prime factors of 473?
11, 43
What are the prime factors of 811?
811
What are the prime factors of 21747?
3, 11, 659
What are the prime factors of 5782?
2, 7, 59
List the prime factors of 18186.
2, 3, 7, 433
What are the prime factors of 6241?
79
List the prime factors of 46319.
7, 13, 509
What are the prime factors of 1001?
7, 11, 13
What are the prime factors of 4058?
2, 2029
What are the prime factors of 1957?
19, 103
What are the prime factors of 9685?
5, 13, 149
List the prime factors of 912.
2, 3, 19
List the prime factors of 2288.
2, 11, 13
What are the prime factors of 52992?
2, 3, 23
What are the prime factors of 2114?
2, 7, 151
What are the prime factors of 9967?
9967
What are the prime factors of 1488?
2, 3, 31
What are the prime factors of 15063?
3, 5021
What are the prime factors of 105309?
3, 11701
List the prime factors of 167.
167
List the prime factors of 136647.
3, 7, 241
What are the prime factors of 36790?
2, 5, 13, 283
List the prime factors of 3144.
2, 3, 131
What are the prime factors of 6144?
2, 3
List the prime factors of 3512.
2, 439
What are the prime factors of 1670?
2, 5, 167
List the prime factors of 135.
3, 5
List the prime factors of 1718.
2, 859
What are the prime factors of 2299?
11, 19
List the prime factors of 5665.
5, 11, 103
What are the prime factors of 2794?
2, 11, 127
List the prime factors of 9342.
2, 3, 173
List the prime factors of 6288.
2, 3, 131
What are the prime factors of 6448?
2, 13, 31
List the prime factors of 70472.
2, 23, 383
List the prime factors of 2665.
5, 13, 41
List the prime factors of 7379.
47, 157
What are the prime factors of 107277?
3, 35759
What are the prime factors of 35920?
2, 5, 449
List the prime factors of 85615.
5, 17123
List the prime factors of 8039.
8039
What are the prime factors of 5625?
3, 5
What are the prime factors of 2721?
3, 907
What are the prime factors of 2557?
2557
What are the prime factors of 17077?
17077
List the prime factors of 1754.
2, 877
List the prime factors of 6674.
2, 47, 71
List the prime factors of 12176.
2, 761
What are the prime factors of 17777?
29, 613
What are the prime factors of 1028?
2, 257
List the prime factors of 22670.
2, 5, 2267
What are the prime factors of 47957?
7, 13, 17, 31
What are the prime factors of 52665?
3, 5, 3511
List the prime factors of 4522.
2, 7, 17, 19
What are the prime factors of 25760?
2, 5, 7, 23
List the prime factors of 4608.
2, 3
What are the prime factors of 8542?
2, 4271
List the prime factors of 7585.
5, 37, 41
List the prime factors of 6042.
2, 3, 19, 53
List the prime factors of 17400.
2, 3, 5, 29
What are the prime factors of 2475?
3, 5, 11
List the prime factors of 6215.
5, 11, 113
List the prime factors of 16348.
2, 61, 67
What are the prime factors of 31343?
13, 2411
What are the prime factors of 2045?
5, 409
List the prime factors of 4172.
2, 7, 149
What are the prime factors of 7249?
11, 659
List the prime factors of 15411.
3, 11, 467
What are the prime factors of 41986?
2, 7, 2999
What are the prime factors of 13022?
2, 17, 383
What are the prime factors of 44775?
3, 5, 199
What are the prime factors of 33457?
33457
What are the prime factors of 5458?
2, 2729
What are the prime factors of 12159?
3, 7, 193
List the prime factors of 965.
5, 193
What are the prime factors of 96677?
7, 1973
What are the prime factors of 326?
2, 163
What are the prime factors of 4659?
3, 1553
List the prime factors of 72150.
2, 3, 5, 13, 37
What are the prime factors of 632?
2, 79
List the prime factors of 200.
2, 5
What are the prime factors of 29